{"id":14,"date":"2014-12-31T18:23:34","date_gmt":"2014-12-31T18:23:34","guid":{"rendered":"http:\/\/afeenit.fr\/cms\/?page_id=14"},"modified":"2015-02-10T20:05:50","modified_gmt":"2015-02-10T19:05:50","slug":"histoire","status":"publish","type":"page","link":"https:\/\/afeenit.fr\/cms\/histoire\/","title":{"rendered":"Objet"},"content":{"rendered":"<p>Cette association a pour objet la valorisation, l\u2019accompagnement, le conseil, l\u2019offre de services autour de l\u2019\u00e9volution num\u00e9rique pour le plus grand nombre. Son action est dirig\u00e9e vers les professionnels, collectivit\u00e9s, institutions, associations, particuliers, \u2026<br \/>\nElle a en outre vocation \u00e0 vulgariser les th\u00e8mes li\u00e9s \u00e0 l\u2019\u00e9volution num\u00e9rique, \u00e0 \u0153uvrer pour mieux en faire comprendre les enjeux et b\u00e9n\u00e9fices.<\/p>\n","protected":false},"excerpt":{"rendered":"<p>Cette association a pour objet la valorisation, l\u2019accompagnement, le conseil, l\u2019offre de services autour de l\u2019\u00e9volution num\u00e9rique pour le plus grand nombre. Son action est dirig\u00e9e vers les professionnels, collectivit\u00e9s, [&hellip;]<\/p>\n","protected":false},"author":1,"featured_media":0,"parent":0,"menu_order":1,"comment_status":"closed","ping_status":"open","template":"","meta":{"footnotes":""},"class_list":["post-14","page","type-page","status-publish","hentry"],"_links":{"self":[{"href":"https:\/\/afeenit.fr\/cms\/wp-json\/wp\/v2\/pages\/14","targetHints":{"allow":["GET"]}}],"collection":[{"href":"https:\/\/afeenit.fr\/cms\/wp-json\/wp\/v2\/pages"}],"about":[{"href":"https:\/\/afeenit.fr\/cms\/wp-json\/wp\/v2\/types\/page"}],"author":[{"embeddable":true,"href":"https:\/\/afeenit.fr\/cms\/wp-json\/wp\/v2\/users\/1"}],"replies":[{"embeddable":true,"href":"https:\/\/afeenit.fr\/cms\/wp-json\/wp\/v2\/comments?post=14"}],"version-history":[{"count":9,"href":"https:\/\/afeenit.fr\/cms\/wp-json\/wp\/v2\/pages\/14\/revisions"}],"predecessor-version":[{"id":146,"href":"https:\/\/afeenit.fr\/cms\/wp-json\/wp\/v2\/pages\/14\/revisions\/146"}],"wp:attachment":[{"href":"https:\/\/afeenit.fr\/cms\/wp-json\/wp\/v2\/media?parent=14"}],"curies":[{"name":"wp","href":"https:\/\/api.w.org\/{rel}","templated":true}]}}